 is divided by 4186.
4169
What is the remainder when 6863830 is divided by 8?
6
What is the remainder when 339257 is divided by 2250?
1757
Calculate the remainder when 1881186 is divided by 6377.
6348
Calculate the remainder when 14507604 is divided by 35.
34
What is the remainder when 1287401 is divided by 747?
320
What is the remainder when 59848414 is divided by 29924174?
66
Calculate the remainder when 4457586 is divided by 257.
178
What is the remainder when 184583 is divided by 2147?
2088
Calculate the remainder when 9080056 is divided by 7461.
19
What is the remainder when 49580880 is divided by 201?
9
What is the remainder when 332043211 is divided by 191?
25
What is the remainder when 15301 is divided by 538?
237
Calculate the remainder when 27075 is divided by 2095.
1935
Calculate the remainder when 44024 is divided by 16267.
11490
Calculate the remainder when 1965951 is divided by 508.
499
Calculate the remainder when 757685 is divided by 1098.
65
Calculate the remainder when 161404 is divided by 4240.
284
Calculate the remainder when 736969 is divided by 820.
609
What is the remainder when 37368 is divided by 2500?
2368
What is the remainder when 68501 is divided by 241?
57
Calculate the remainder when 843536 is divided by 81.
2
What is the remainder when 3677835 is divided by 89?
88
Calculate the remainder when 635022 is divided by 149.
133
What is the remainder when 300639455 is divided by 14?
11
What is the remainder when 24939 is divided by 1679?
1433
Calculate the remainder when 45965683 is divided by 713.
712
What is the remainder when 126799 is divided by 1084?
1055
What is the remainder when 44398759 is divided by 3337?
3311
What is the remainder when 2391424 is divided by 2562?
1078
What is the remainder when 4018880 is divided by 46?
44
What is the remainder when 1854604 is divided by 3422?
3302
Calculate the remainder when 209240 is divided by 34868.
32
Calculate the remainder when 577451 is divided by 115091.
1996
Calculate the remainder when 101615997 is divided by 1095.
1092
What is the remainder when 5131870 is divided by 346?
344
Calculate the remainder when 19944829 is divided by 38.
35
What is the remainder when 2665615 is divided by 177?
172
What is the remainder when 84595 is divided by 84113?
482
What is the remainder when 32931958 is divided by 3515?
3438
Calculate the remainder when 1243013 is divided by 28906.
55
What is the remainder when 4599854 is divided by 34?
28
Calculate the remainder when 605018 is divided by 66.
62
Calculate the remainder when 3735182 is divided by 63.
38
Calculate the remainder when 81757 is divided by 81548.
209
Calculate the remainder when 227140 is divided by 3884.
1868
What is the remainder when 1439640 is divided by 57585?
15
What is the remainder when 3307858 is divided by 155?
3
What is the remainder when 1127153 is divided by 367?
96
Calculate the remainder when 14901330 is divided by 2041.
2030
Calculate the remainder when 7690462 is divided by 699131.
21
What is the remainder when 1251678 is divided by 16464?
414
What is the remainder when 15329608 is divided by 228800?
8
What is the remainder when 6783283 is divided by 1224?
1099
What is the remainder when 10480058 is divided by 174?
38
What is the remainder when 7727 is divided by 112?
111
Calculate the remainder when 591506 is divided by 13832.
10562
Calculate the remainder when 88769 is divided by 226.
177
Calculate the remainder when 1704135326 is divided by 32.
30
Calculate the remainder when 59879 is divided by 13999.
3883
Calculate the remainder when 473650 is divided by 124.
94
Calculate the remainder when 54041220 is divided by 45.
0
Calculate the remainder when 319331 is divided by 45612.
47
What is the remainder when 744322 is divided by 3658?
1748
What is the remainder when 36934754 is divided by 2911?
2897
Calculate the remainder when 52227542 is divided by 537.
533
What is the remainder when 190429 is divided by 198?
151
Calculate the remainder when 17086035 is divided by 11965.
15
Calculate the remainder when 50142507 is divided by 330.
327
Calculate the remainder when 11146 is divided by 10587.
559
What is the remainder when 25425 is divided by 25118?
307
What is the remainder when 43840413 is divided by 14?
1
What is the remainder when 52109 is divided by 90?
89
Calculate the remainder when 273649 is divided by 13670.
249
What is the remainder when 6062 is divided by 378?
14
Calculate the remainder when 2960907 is divided by 589.
4
What is the remainder when 983168 is divided by 7680?
128
What is the remainder when 117887 is divided by 11788?
7
What is the remainder when 2926949 is divided by 364?
25
Calculate the remainder when 1718597514 is divided by 3297.
3294
What is the remainder when 70209 is divided by 230?
59
Calculate the remainder when 186399 is divided by 186394.
5
What is the remainder when 9030085 is divided by 3377?
3364
What is the remainder when 546842 is divided by 29?
18
Calculate the remainder when 637201 is divided by 1902.
31
Calculate the remainder when 4497767 is divided by 34.
9
What is the remainder when 82859074 is divided by 633?
7
What is the remainder when 21781009 is divided by 8085?
19
Calculate the remainder when 118666 is divided by 38670.
2656
Calculate the remainder when 49984552 is divided by 947.
945
Calculate the remainder when 14997789 is divided by 220.
169
Calculate the remainder when 640332 is divided by 924.
0
What is the remainder when 93767451 is divided by 198?
195
Calculate the remainder when 433539 is divided by 3443.
3164
Calculate the remainder when 8197213 is divided by 1171030.
3
What is the remainder when 8269 is divided by 591?
586
Calculate the remainder when 174416 is divided by 173800.
616
What is the remainder when 91876 is divided by 910?
876
What is the remainder when 19246676 is divided by 1065?
1061
What is the remainder when 80331 is divided by 419?
302
Calculate the remainder when 1193792 is divided by 4006.
4
What is the remainder when 540943 is divided by 892?
391
What is the remainder when 1076579 is divided by 77?
42
Calculate the remainder when 68881 is divided by 97.
11
Calculate the remainder when 153177 is divided by 630.
87
Calculate the remainder when 110300 is divided by 55007.
286
Calculate the remainder when 3349282 is divided by 20801.
321
What is the remainder when 152720 is divided by 152647?
73
What is the remainder when 80460 is divided by 19604?
2044
Calculate the remainder when 47455 is divided by 537.
199
Calculate the remainder when 10747461 is divided by 637.
634
Calculate the remainder when 930715 is divided by 310229.
28
What is the remainder when 16825695 is divided by 13?
3
What is the remainder when 537227 is divided by 134280?
107
Calculate the remainder when 66305 is divided by 1192.
745
What is the remainder when 18775 is divided by 4633?
243
Calculate the remainder when 12445298 is divided by 175.
173
What is the remainder when 113200 is divided by 1184?
720
Calculate the remainder when 1225820 is divided by 183.
86
Calculate the remainder when 9116 is divided by 558.
188
What is the remainder when 1892798 is divided by 1120?
1118
Calculate the remainder when 20716046 is divided by 19525.
21
What is the remainder when 4503610 is divided by 5499?
5428
Calculate the remainder when 27369 is divided by 25490.
1879
Calculate the remainder when 54479123 is divided by 922.
909
Calculate the remainder when 3253647 is divided by 2532.
27
What is the remainder when 2599386 is divided by 519848?
146
Calculate the remainder when 6097890 is divided by 3153.
3141
What is the remainder when 1131226 is divided by 2?
0
Calculate the remainder when 23312 is divided by 11473.
366
Calculate the remainder when 194578037 is divided by 97289005.
27
What is the remainder when 606022 is divided by 24026?
5372
What is the remainder when 957451 is divided by 1128?
907
What is the remainder when 2601829 is divided by 22?
21
Calculate the remainder when 212349 is divided by 21182.
529
Calculate the remainder when 21212 is divided by 945.
422
Calculate the remainder when 25093036 is divided by 20.
16
What is the remainder when 33721 is divided by 3055?
116
What is the remainder when 1670379 is divided by 189?
186
Calculate the remain